divided by t.
2
Let l(t) = 8*t + 8. What is the remainder when 65 is divided by l(2)?
17
Suppose 139*g + 373 = 3570. Suppose 0*n + n + 7 = -l, 0 = l + 2*n + 11. Calculate the remainder when ((-67)/l)/(2/6) is divided by g.
21
Let h(t) = -t**2 + 19*t + 25. Let r be 2/((-6)/(-9)) + 1. Suppose 3*v - r*y - 37 = 0, -2*v - 5*y = 3*v - 120. What is the remainder when v is divided by h(20)?
4
Let l be 202/4 + (-2)/4. Let g = 85 - l. Calculate the remainder when g is divided by 9.
8
Suppose -2*f = 2*q - 10, -2*f = -4*f + q + 19. Let y(n) = -n**2 - n + 5. Calculate the remainder when f is divided by y(0).
3
Let j = 658 - 635. What is the remainder when 159 is divided by j?
21
Let y(x) = -x + 10. Let u be y(7). Calculate the remainder when 69 is divided by 1/(1/u) - -15.
15
Suppose -2*n + 1600 = 30*n. What is the remainder when 109 is divided by n?
9
Suppose 5*g - 4*z = 347, z = -3*g + 2*g + 73. Let c = g - -178. Suppose o = -2*o + c. What is the remainder when o is divided by 21?
20
Suppose -4*p = -4*f + 144, 17*f - 4*p = 15*f + 64. What is the remainder when f is divided by 92/6*(-9)/(-6)?
17
Suppose 3*c = a + 421, -c - 2*c + 5*a + 413 = 0. Calculate the remainder when c is divided by 72.
69
Let j(b) = 5*b - 7*b + 5 - 6*b. What is the remainder when j(-4) is divided by 20?
17
Suppose -3*s = -4*h - 64, -4*s = 14*h - 12*h - 78. What is the remainder when 199 is divided by s?
19
Let z = 2580 - 2558. Calculate the remainder when (-2)/(-4) + 166/4 is divided by z.
20
What is the remainder when (-2326)/(-6) - (-62)/(-93) is divided by 15?
12
Let z(b) = -b**3 + 5*b**2 + 26*b - 8. Let n(o) = -o**2 - 5*o. Let q be n(-7). Let x = 0 - q. What is the remainder when x is divided by z(8)?
6
Let u be ((-2)/(-3))/((-4)/(-12)). Suppose 0 = -6*i + u*i + 8. Let c = 14 - i. What is the remainder when 35 is divided by c?
11
Let q = -11 + 20. Let s = 3 + q. Suppose -100*v = -94*v - 126. What is the remainder when v is divided by s?
9
Suppose -6 = -2*a, -51 = 6*p - 9*p + 4*a. What is the remainder when 83 is divided by p?
20
Suppose -3 - 7 = 5*x. Let o(b) = -b**3 - 21*b**2 + 23*b + 32. What is the remainder when 25*(-2)/x + 2 is divided by o(-22)?
7
Let c = 25 + -8. Let q = -24 + 74. What is the remainder when q is divided by c?
16
Suppose -186 = -105*s + 103*s. What is the remainder when 370 is divided by s?
91
What is the remainder when 314 is divided by (-252)/(-56)*(-58)/(-3)?
53
Suppose -k = -5*p + 8*p + 3, -5*k + 25 = 5*p. Calculate the remainder when 17 is divided by k.
8
Let n be 1/2 - 205/10. What is the remainder when -41*8/n + (-4)/10 is divided by 3?
1
Let i = 1802 + -1047. What is the remainder when i is divided by 42?
41
Suppose -5*q + 7380 = -5*v, -358*v + 4440 = 3*q - 357*v. What is the remainder when q is divided by 37?
36
Let n(g) = 25*g**2 - 3*g - 4. What is the remainder when n(-2) is divided by 18?
12
Suppose -133 + 409 = 6*t. Calculate the remainder when t is divided by 13.
7
Suppose -50 - 10 = -3*b. Suppose o - 31 = b. Suppose -3*l - 2*a + 59 = -7*a, -4*l + 32 = 5*a. Calculate the remainder when o is divided by l.
12
Suppose -275*z = -269*z - 1302. Calculate the remainder when z is divided by 22.
19
Suppose -43 = -5*d - 13. Let o = 1 + 12. What is the remainder when (-20)/d*216/(-20) is divided by o?
10
Suppose 3*b - 272 + 209 = 0. What is the remainder when 70 is divided by b?
7
Suppose 8 = 5*h - 3*w, h + 0*w + 4 = 2*w. Suppose 0 = -6*s - h + 58. What is the remainder when (16 - 0)/((-2)/(-2)) is divided by s?
7
Suppose 14*r = 10*r - 12. Let j be -2 + -1 - (-1)/(-1). Calculate the remainder when (j + 1 - 6)*r is divided by 10.
7
Let p be 7 + (-3)/2*(4 - 2). Suppose -p*m + 185 = m. What is the remainder when m is divided by 6?
1
Let q = 446 + -426. What is the remainder when 106 is divided by q?
6
Calculate the remainder when 447 is divided by (-108)/8*(14/3 - 6).
15
Let d(q) be the first derivative of -1/3*q**3 - 7*q**4 - q - 8 - 1/2*q**2. Calculate the remainder when d(-1) is divided by 15.
12
Let i = 12 - -23. Let x(s) = s**3 - 3 - s - 2*s**3 - 12*s**2 + 0*s. What is the remainder when i is divided by x(-12)?
8
Suppose 4*t - t = 4*y - 45, -26 = -2*y - 2*t. Calculate the remainder when 44 is divided by y.
8
Let a = 48 + -46. Suppose a*t - 324 = -4*t. What is the remainder when t is divided by 19?
16
Let b = -113 + 116. Suppose v = t - 17, b*t + 64 = 8*t + 2*v. Calculate the remainder when 27 is divided by t.
13
Let c(g) = 2 - 10*g**2 + 9*g**2 - 8*g + g. Let u be c(-7). Suppose -7 + 17 = u*y. Calculate the remainder when 19 is divided by y.
4
What is the remainder when 40/((-15)/(-3))*35 is divided by 47?
45
Let d(i) = -5 - 7*i**2 - 1 + 33*i**2 - 7*i - 12*i**2. What is the remainder when 52 is divided by d(-1)?
7
Suppose -199 = 4*r - o, -2*r - 2*o + 7*o - 77 = 0. Let w = 74 + r. Suppose w - 11 = 3*g. What is the remainder when 22 is divided by g?
2
Suppose -3*n = j - 11, -2*n = n - 5*j + 1. Suppose -5*b - n = 2*i, -i - 3 = 4*b - b. What is the remainder when 6 is divided by i?
0
Suppose 0 = 6*n - 3*n - 39. Let z(h) = -82*h - 731. What is the remainder when n is divided by z(-9)?
6
Let l(u) = u**3 - u**2 - u + 2. Let s be l(2). Suppose s*b = 2*b. What is the remainder when 45 is divided by (17 - 1) + b/(-5)?
13
Calculate the remainder when (0 - 0 - -34) + -3 is divided by 87/6 + 9/6.
15
Let c be 42/10 - (-8)/10. Suppose 0 = 3*n + y - 64, -c*y = 3*n - n - 21. Let z = n + 0. Calculate the remainder when z is divided by 7.
2
Suppose -6*j = -88 - 80. What is the remainder when j is divided by 10?
8
Suppose -2696 = 9*s - 2813. Calculate the remainder when s is divided by 5.
3
Calculate the remainder when 182/5 + (-8)/20 is divided by (30/75 - (-166)/60)*6.
17
Let d(a) = 16*a - 100. Let o be d(11). Let b be (-123)/((0 + 2)/(-2)). Suppose 2*i = 3*x - 2*i - o, b = 4*x - i. What is the remainder when 125 is divided by x?
29
Let c(y) = 5*y**2 + 2. Let t(p) = -p + 14. Let m(h) = -3*h + 14. Let d be m(2). What is the remainder when c(2) is divided by t(d)?
4
Let r(j) = j**2 - 37*j + 73. Calculate the remainder when 73 is divided by r(36).
36
Calculate the remainder when 2/((-60)/(-8435)) + (-2)/12 is divided by 36.
29
Suppose -51*n + 91907 = 22*n. Calculate the remainder when n is divided by 90.
89
Let f be 8400/(-1425) + 4/(-38). Let g(h) be the third derivative of h**4/24 + 3*h**3/2 - h**2. Calculate the remainder when g(f) is divided by 3.
0
Let q = 104 + -112. Let z(y) = -2*y - 1. What is the remainder when 24 is divided by z(q)?
9
Suppose 3*i - i - 54 = 0. Suppose -2*a = -2*y - 261 + 59, -a = -3*y - 309. What is the remainder when i is divided by (-4)/26 - 1056/y?
7
Suppose -7*g + 45 + 641 = 0. Suppose -g = -8*p + 6*p. Let l = 15 + 2. What is the remainder when p is divided by l?
15
Let f(d) = 21*d - 19. Let p(x) = -7*x + 6. Let w(z) = 2*f(z) + 7*p(z). What is the remainder when w(-10) is divided by (-39 + 1)*(5 - (-5 - -11))?
36
Let b(g) = -g**3 + 29*g**2 + 9*g - 51. Calculate the remainder when b(29) is divided by 97.
16
Let t(u) = 3*u**2 + u + 1. Let b be t(-1). Let l = -39 - -66. What is the remainder when l is divided by (-2)/1 + (b - -6)?
6
Let n be (0 - -2)*85*1/2. Let a = -61 + n. What is the remainder when 69 is divided by a?
21
Let k = 223 + -220. What is the remainder when 25 is divided by k?
1
Let z(g) = -5*g - 3. Let h be z(-8). Let u = 62 - h. Let y(f) = f**2 + 4. Calculate the remainder when u is divided by y(-3).
12
Let l(g) = 11 - 10 - 2*g**2 + 4*g**3 - 3*g**3 + 5*g**2 - 4*g. Let o(i) = -7*i - 5. What is the remainder when o(-6) is divided by l(-3)?
11
Let w be 11 - (5 + -10 + 0). Let b = 39 - w. Calculate the remainder when b is divided by 9.
5
Let q(p) = -p + 13. Let s be q(8). Suppose 2*r - 261 = -5*t - r, -s*r + 147 = 3*t. Calculate the remainder when t is divided by 8.
6
Suppose 62*u = 2227 + 749. What is the remainder when 106 is divided by u?
10
Suppose 4 = 6*x - 8. Suppose 0 = -12*r + 11*r + x. Calculate the remainder when 5 is divided by r.
1
Let q = -12 + 16. Suppose 3*h + 14 = -i, -5*i = h - q*h - 2. What is the remainder when 66 is divided by i*3/(-6)*14?
10
Suppose 5*k = -4*v + 101, k - 18 = v + 4. What is the remainder when 313 is divided by k?
19
Let w(g) = -g**3 + 0 - 2 - 2*g + 0*g - 9*g**2. Let k be w(-9). What is the re